of v and 58.
29
Let q be (1/(-4) + (-473)/(-132))*3. Let a = -16 - -26. What is the highest common divisor of q and a?
10
Let a = -2 - -4. Let m = -544 + 554. Calculate the greatest common factor of a and m.
2
Suppose -2*p = 5*o - 184, -o + 85 = p - 2*o. Suppose l = 4*h - 6*h + 26, -3*h = -3*l + p. Calculate the highest common divisor of l and 4.
4
Suppose -2*m - h + 168 = 0, -11*m + 4*h = -9*m - 168. Calculate the greatest common factor of m and 63.
21
Suppose 68*s - 3440 = 64*s. Calculate the greatest common divisor of s and 20.
20
Let c = 807 - 278. Suppose 3*g + c = -476. Let x = g + 615. What is the greatest common factor of 35 and x?
35
Suppose -4422 = -54*p + 21*p. Calculate the highest common factor of 3886 and p.
134
Let k = -429 - -480. What is the greatest common factor of k and 3?
3
Let w = 29 - 23. Let a be 3 - (4/(-6) + (-626)/w). What is the highest common divisor of a and 12?
12
Suppose -5*u - 3*q + q = -8, -3*u + q = -7. Calculate the greatest common factor of u and 2.
2
Let v = 25 - -11. Suppose -72 = -8*p + 4*p. Calculate the greatest common divisor of p and v.
18
Let g(t) = t + 16. Let h = -16 + 3. Let w be h + (-1 - (-4)/2). Let i be g(w). Calculate the greatest common factor of 8 and i.
4
Suppose 0 = 12*f - 14*f - 56. Let k be (3 - 1) + (-161)/f*4. Calculate the greatest common divisor of k and 5.
5
Let y = -65 - -130. Calculate the highest common divisor of y and 26.
13
Let i(v) = 49*v - 91. Let p be i(7). Calculate the greatest common factor of 588 and p.
84
Suppose -4*y + 9 + 11 = 0. Suppose y*u + 108 = 7*u. What is the highest common divisor of 18 and u?
18
Let l be (-15 + 14)*(-53 + (-2)/(-1)). Calculate the highest common divisor of l and 33.
3
Let r(z) = -2*z - 5. Let s be r(0). Let g be 10/s - 64*-2. Calculate the greatest common factor of g and 14.
14
Suppose c - 2*q - 4 = 0, -6*q + 2*q - 8 = 0. Suppose 3*j - 20 = t, -j + 15 = 3*j + t. Suppose c = j*b - 45 + 10. Calculate the highest common factor of 1 and b.
1
Suppose -54*n + 2340 = -41*n. What is the greatest common factor of 36 and n?
36
Let o be 5*(84/(-10))/3. Let c = 32 + o. What is the greatest common divisor of c and 126?
18
Suppose -5*k + 705 = -5*j, -2*k + 138 = -j - 146. What is the highest common divisor of k and 11?
11
Let w be ((-238)/(-5))/(5/25). Let a = -323 + 357. Calculate the highest common factor of a and w.
34
Let l = 509 + -499. Suppose -f + 12 = -j - 4*j, -3*f = -j + 6. Let h be 4/(-30)*j*l. What is the greatest common divisor of 10 and h?
2
Let r be (24/9)/((-10)/(-255)). What is the highest common divisor of 8 and r?
4
Suppose -2*x = 51*v - 53*v + 134, 0 = 5*v + 3*x - 335. Calculate the greatest common divisor of v and 536.
67
Let l be (-1278)/(-10) - -6 - 12/(-10). What is the greatest common factor of 285 and l?
15
Let u(f) = -f**3 - f**2 + 7*f + 3. Let l be u(-5). Let p be 515/11 - (-6)/33. Let i = l - p. What is the highest common divisor of i and 14?
7
Let q(f) = -f**3 + 5*f**2 - 4*f + 2. Let z be q(2). Let t be (-384)/(-28) - 4/(-14). Suppose 13*i - t*i = -18. Calculate the greatest common factor of z and i.
6
Let l = 18 + -10. Suppose 0 = 3*t - l - 31. Calculate the greatest common divisor of t and 26.
13
Let w be -9 + 3 - -8 - 926/(-2). What is the highest common divisor of w and 165?
15
Suppose 14*x - 25 = 9*x. Suppose h = x*s - 37, 0 = h - 5 + 2. Let k be (-1)/(-4) - (-54)/s. Calculate the highest common factor of 7 and k.
7
Let p = 160 + -98. What is the highest common factor of 62 and p?
62
Let l = 4 + -29. Let p = 29 + l. What is the greatest common divisor of p and 20?
4
Let l(g) = -319*g - 302. Let q be l(-1). Suppose j = 5*v - 421, -2*v + 5*j = 3*v - 405. What is the greatest common factor of q and v?
17
Suppose -3*l = 4 - 19. Let a(q) = -3 + 2 - l*q + 3 + 0*q. Let m be a(-5). Calculate the highest common divisor of 54 and m.
27
Suppose 200 = m - 286. Calculate the greatest common factor of m and 9.
9
Suppose z = v + 370, -13*z + v = -8*z - 1842. What is the greatest common divisor of z and 16?
16
Let s = -15 + 14. Let q(f) = 82*f**2 + f. Let m be q(s). What is the greatest common divisor of m and 54?
27
Let f(y) = 2*y**3 + 108*y**2 + 105*y - 24. Let i be f(-53). What is the greatest common factor of 2929 and i?
29
Let y(h) = 3*h**2 - h + 12. Let g be y(4). What is the highest common factor of 1736 and g?
56
Let a = -234 + 162. Let i = a + 45. Let c = i - -43. What is the greatest common divisor of c and 80?
16
Suppose 4*p = -7*d + 5*d + 1006, 3*d = -9. Calculate the highest common factor of 22 and p.
11
Suppose 2*h + h - 66 = 0. Let w(c) = -22*c + 572. Let d be w(22). What is the greatest common divisor of h and d?
22
Suppose -4*r + 182 = -9*r - 2*i, 4*r + 5*i + 149 = 0. Let j = -32 - r. What is the highest common factor of 12 and j?
4
Suppose 844 = 5*p - 2*x + 5*x, 0 = 3*p + 2*x - 506. Let m = 0 + p. Calculate the highest common divisor of 17 and m.
17
Let l be 18/30 - 402/(-30). Let h be 2 + 9 + (-6)/(-3). Let t be 1 - -1*h - 0. Calculate the greatest common divisor of l and t.
14
Suppose -8*v = -11 - 5. Suppose v*z + 145 = 3*z + 2*k, -3*z = -2*k - 467. Calculate the highest common divisor of 17 and z.
17
Let k be (-1 + (-51)/15)/(158/(-4345)). What is the highest common factor of k and 165?
11
Suppose -3*u - 6 + 18 = 0. Suppose 5*i + 1 = s + 12, -u*s - 8 = -2*i. Let l be i/12 + 287/6. Calculate the highest common divisor of l and 6.
6
Let z be -8 + (38 - 4) + (-5 - 0). Calculate the greatest common factor of z and 7.
7
Let u(a) = -12*a + 2. Let b be u(-4). Suppose j + 18 = b. Let f be (-6)/(-4)*j/3. Calculate the greatest common divisor of 8 and f.
8
Suppose 18 = f - 0*d + 2*d, 0 = 4*f + 5*d - 57. Suppose f*m - 5 = 3. Suppose -2*p = w - 173, -m - 2 = -w. What is the highest common divisor of p and 34?
17
Let k = 538 - -272. What is the highest common factor of k and 20?
10
Suppose -37 = -4*m + 5*s, s = -3*m - 0*m + 4. Suppose -2*f = -m*d, 3*f + 4*d = 2*f + 11. Calculate the greatest common divisor of f and 27.
3
Suppose 6*f = 5*f + 51. Suppose -o - f = -4*o. Calculate the greatest common divisor of 153 and o.
17
Let r = 21 - 2. Let a = -9 + r. Let g = -1 + 3. What is the greatest common factor of a and g?
2
Suppose 3317 + 2095 = 12*s. What is the highest common factor of s and 82?
41
Suppose 2*i + 252 = 5*i + 2*a, 3*a = 2*i - 181. What is the greatest common factor of 946 and i?
86
Suppose 0 = 4*m - 2*x - 78, -4*m - 41 + 134 = x. Let q = -18 + 20. Let g be q + (-2 - (3 - 5)). What is the greatest common factor of g and m?
2
Let y(f) = 17*f**3 - 2*f**2 + 4*f - 1. Let w be y(1). Let c = -35 + 62. Calculate the greatest common factor of c and w.
9
Suppose -10*f + 20 + 0 = 0. Let h be 2*5/(-10) + 8/f. What is the highest common factor of h and 9?
3
Let m = -2 + 8. Suppose -l + m*l = 50. Calculate the greatest common factor of 10 and l.
10
Let t(q) = 5*q**3 + 0*q - 7*q**3 - 5*q**3 - 2*q. Let a be t(-2). Suppose 5*c - 5 = 2*j + 15, 2*c = 2*j + 2. What is the greatest common factor of c and a?
6
Let d(r) = -r**3 - 29*r**2 + 12. Let f be d(-29). Let a(p) = -94*p + 2. Let j be a(-1). Calculate the greatest common divisor of j and f.
12
Let k(q) = 11*q + 2*q**2 - 2*q - q**2 - 15 - 2*q**2. Let g be k(5). Calculate the greatest common divisor of 5 and g.
5
Let q(l) = -l**2 + 6*l + 8. Let k be q(6). Let z be 5 + (8 - 1)/(-1). Let v = z + k. Calculate the highest common divisor of v and 15.
3
Let d be (-6)/(-12)*2554 - (-4 - -1). Suppose 0 = 5*r + 2*c - d + 12, 3*r + 4*c - 772 = 0. What is the highest common divisor of r and 9?
9
Let c = 147 - 169. Let k be ((-209)/c)/(2/80). Calculate the greatest common divisor of 38 and k.
38
Let r = -92 - -116. Let x = 57 - -3. What is the greatest common factor of r and x?
12
Suppose -2938 - 307 = -5*a. What is the highest common factor of 33 and a?
11
Suppose -41*z + 39*z = -1002. Suppose -5*j - 2*k + 854 = 0, 3*j + 5*k = -0*j + z. Calculate the greatest common factor of 43 and j.
43
Let t(p) = 9*p + 67. Let h be t(2). Calculate the highest common divisor of h and 119.
17
Let n be 30*1*2/5. Let s(o) = o**3 - o**2 - o + 1. Let v = -55 + 60. Let m be s(v). Calculate the highest common divisor of n and m.
12
Let k(d) = d - 1. Let b be k(4). Let l be (-72)/(-16) - 1/2. Suppose l*w - b*f - 37